 Calculate the remainder when w is divided by m.
7
Let x(m) = 4*m - 6. Let l(k) = 10*k - 2. Let j be l(1). Let v = 58 - 48. What is the remainder when x(j) is divided by v?
6
Let m be (2 - 28/8)*30. Let t be ((-6)/(-15))/((-3)/m). Suppose n - 28 = t. Calculate the remainder when 65 is divided by n.
31
Suppose 0 = -6*h + 3*h + 81. Calculate the remainder when -162*(-28 + 2407/87) is divided by h.
0
Suppose -a = -67*q + 66*q + 473, -962 = -2*q - 2*a. Calculate the remainder when q is divided by 8.
5
Suppose 0 = 14*y - 8*y + 54. Let w be y/24 - (-26)/(-16). Calculate the remainder when (-4 - w) + 102/(-1)*-1 is divided by 28.
16
Let k = -31730 + 32068. What is the remainder when 19265 is divided by k?
337
Suppose 9*s - 65 = 187. What is the remainder when (2 + -5)*(109/(-3) - (11 + -14)) is divided by s?
16
Suppose -62*y = -43*y + 44*y - 9702. What is the remainder when y is divided by 65?
24
Suppose 11 = 2*l + 1. Suppose -4*j + 2 - 3 = -v, v + l = -2*j. Let h(r) = -15*r - 15. What is the remainder when h(v) is divided by 16?
14
Suppose -684 = -71*n - 45. Calculate the remainder when 1916 is divided by n.
8
Suppose -3*n + 32 = -3*r + 8, -4*n = 4*r - 56. What is the remainder when 74 is divided by n?
8
Suppose 16*q - 17*q + 53 = 0. Calculate the remainder when q is divided by (6/(-9) - -3) + (-47)/141.
1
Let s(c) = -11 + 11 + 2*c**3 - 3*c + 3*c**2. Suppose 285*g - 281*g - 348 = 0. What is the remainder when g is divided by s(2)?
21
Suppose -893 = 2*y + 5*f, 5*y - y + 3*f + 1793 = 0. Let q = 546 + y. Calculate the remainder when q is divided by 17.
12
Let h(l) = 2*l**2 + 29*l + 27. Let f be (0 + (-4)/5)*560/32. Calculate the remainder when 193 is divided by h(f).
11
Suppose 2*c - 776 = -4*y, -82*y = -78*y - 5*c - 832. Calculate the remainder when 211 is divided by y.
13
Suppose 0 = 17*f - 13*f - 4*y - 12, -4*f - 5*y = -66. What is the remainder when 68 is divided by f?
5
Suppose -154*p = -158*p - 748. Let j = p + 197. Let g(h) = 2*h + 7. What is the remainder when g(5) is divided by j?
7
Suppose -91*n + 43*n + 3234 = -27*n. Calculate the remainder when 932 is divided by n.
8
Let i be (-4)/3*2/4*-42. Let a = -28 + i. Suppose -8*o + 690 - 202 = a. Calculate the remainder when o is divided by 21.
19
Let f be (-3 - -5)/((-2)/(-11)). Let z = -111 + f. Let o = 155 + z. Calculate the remainder when o is divided by 19.
17
Suppose 4*x = -3*m + 8472, 31*x - 27*x + m = 8456. Calculate the remainder when x is divided by 23.
19
Let d(b) = b**3 + 35*b**2 - 112*b + 376. Calculate the remainder when 621 is divided by d(-38).
21
Let g = -34513 - -34706. Calculate the remainder when 237 is divided by g.
44
What is the remainder when 7/(28/6)*15820/30 is divided by 78?
11
Let v(w) = 4*w**2 - 50*w - 154. Let l be v(-3). Suppose 0 = 5*k - r - 39 - l, 2*k - 26 = -2*r. Calculate the remainder when 70 is divided by k.
0
Let u(v) = 179*v**3 - v**2. Let w(l) = l**2 + 21*l + 60. Let n be w(-13). Let c = n - -74. What is the remainder when u(1) is divided by c?
28
Let o = -15255 - -15267. What is the remainder when 2484 is divided by o?
0
Suppose 2*b - 282 = -100. Calculate the remainder when 522 is divided by (-981)/(-39) - (-2)/b*-7.
22
Suppose -3*l - 119 = -4*o - 103, -2*l + 20 = 5*o. Suppose -m = -6*m + 5*a + 80, 3*m + 3*a = 66. What is the remainder when m is divided by o?
3
Let n = 12090 + -12065. What is the remainder when 1152 is divided by n?
2
Let o = 229 - 45. Suppose 63*s + o = 67*s. Calculate the remainder when s is divided by 31.
15
Let f = 443 - 69. Calculate the remainder when f is divided by 36.
14
Suppose 0 = -2*z + 10*z - 1952. Let i(c) = -2*c - 2. Calculate the remainder when z is divided by i(-5).
4
Suppose -7683*h + 7693*h - 290 = 0. Calculate the remainder when 544 is divided by h.
22
Suppose u = 11*o - 15*o + 58, 36 = 2*o - 3*u. Suppose 0 = -13*s + o*s - 36. What is the remainder when s is divided by 15?
3
Let g(i) = -i**3 + 45*i**2 - 42*i - 85. Let p be g(44). Suppose 5*w = 4*w - p*t + 37, 0 = -4*w - t + 148. What is the remainder when w is divided by 25?
12
Suppose 0 = 17*z + 19*z - 8127 - 3573. What is the remainder when z is divided by 110?
105
Suppose -i + 4*s + 80 = 8, -4*s - 312 = -5*i. Calculate the remainder when 35 is divided by ((-94)/235)/((-2)/i).
11
Let j(m) = m**3 - m + 35. Suppose 228*o = 287*o - 5664. What is the remainder when o is divided by j(0)?
26
Suppose -153*p - 47795 = 82*p - 128165. What is the remainder when p is divided by 93?
63
Let z be (6 - 459/36)/((-3)/40). Calculate the remainder when z/150 - 84*(-22)/20 is divided by 20.
13
Suppose 61*y - 70 = 62*y. Let x = 2 - y. Let k = x - 62. Calculate the remainder when k is divided by 7.
3
Let n = 504 - 455. Let p be (1/(-2))/((-13)/52). Suppose -104 = -2*o - p*o. Calculate the remainder when n is divided by o.
23
Let m = -95 - -89. Let q(g) = -10*g - 38. Calculate the remainder when 305 is divided by q(m).
19
Let u(r) = -r**3 + 4*r**2 - r + 12. Let l be u(5). Let h be 3/4 - (-393)/(-12). Let t = l - h. Calculate the remainder when 52 is divided by t.
10
Suppose -10 = 5*m - 3*m - 2*l, 5*l - 25 = -2*m. Let h = 61 - m. What is the remainder when 239 is divided by h?
56
Let k = 6301 + -6282. Calculate the remainder when 291 is divided by k.
6
What is the remainder when (-399)/14*8/(-6) is divided by 6 - ((-102)/3)/2?
15
Let a(s) = -9*s**2 - 30 + 19*s**3 + 3*s + 18 - 18*s**3. Let j = -9 + 64. What is the remainder when j is divided by a(9)?
10
Let y(a) = -33835 - 6*a + 33846 + 3*a**3 - 5*a - 4*a**2. Calculate the remainder when y(4) is divided by 50.
45
Let t(h) = -h**3 + 199*h**2 - 777*h + 304. What is the remainder when t(195) is divided by 62?
21
Let c = 27436 - 21836. What is the remainder when c is divided by 1862?
14
Suppose 2*b = -10, b = 5*f + 6766 - 21101. What is the remainder when f is divided by 151?
148
Let q(b) = -4 + 54 + 5*b + 113. What is the remainder when (-30 + 1)*-3 + 1 is divided by q(-30)?
10
Suppose -7*z + 47 = 12. Suppose -m + 27 = 2*n - 2*m, -z*m - 55 = -5*n. Calculate the remainder when 29 is divided by n.
13
Suppose -4760 = -20*o + 3639 - 2319. Calculate the remainder when 894 is divided by o.
286
Suppose 3*q = -a + 431, 5*a + 4*q - 2814 + 714 = 0. What is the remainder when a is divided by 12?
8
Let j(w) = -23*w + 166. Suppose -22*k = -11*k - 66. What is the remainder when j(k) is divided by 15?
13
Suppose 0*s = 3*s - 15. What is the remainder when s is divided by ((-10)/5 + 1 + 4)*(-21)/(-21)?
2
Let u = 398 - 160. What is the remainder when u is divided by 45?
13
Let c = 126 - 124. Suppose -c*k - 4*i + 20 = 0, 5*k + 2*i - 12 = 22. Calculate the remainder when (-1*10/15)/(k/(-387)) is divided by 22.
21
Let q be (3/(-4))/(27/(-144)). Suppose -5*x + 5*d = -50 - 140, -q*x - 5*d = -152. What is the remainder when 188 is divided by x?
36
Suppose -2*o - 176 = -934. Calculate the remainder when o is divided by 377.
2
What is the remainder when (-380)/152*524*6/(-20) is divided by 24?
9
Suppose 570 - 15556 = -59*g. What is the remainder when 776 is divided by g?
14
Let m(g) = 23*g + 210. Let a(p) = 15*p + 140. Let v(y) = 8*a(y) - 5*m(y). What is the remainder when v(0) is divided by 37?
33
Suppose -3*h + 4151 + 3066 = 5*u, -4*h = 5*u - 9616. What is the remainder when h is divided by 150?
149
Let s(t) = -25*t - 27. Let l(a) = 101*a + 108. Let u(d) = 2*l(d) + 9*s(d). What is the remainder when 249 is divided by u(-3)?
39
Let h be (38/(-1))/(2/1 + -3). Let x = 40 - h. Suppose 6*c - x*c - 56 = 0. What is the remainder when 39 is divided by c?
11
What is the remainder when 273 is divided by (-522)/63 - -7 - 492/(-7)?
66
Let w(h) = -h**3 - 9*h**2 + 2*h + 20. Let g be w(-9). Calculate the remainder when 55 + (-9)/3 + 3 is divided by 16/2*((-27)/(-6) - g).
15
Let r(t) = -6*t**2 - 85*t + 63. What is the remainder when 201 is divided by r(-14)?
47
Let k(p) = -16*p**2 + 3*p + 137. Suppose 0*d + d = 51. Calculate the remainder when k(0) is divided by d.
35
Let b(v) = -48*v - 148. Let g be b(-19). Let s = 864 - g. Calculate the remainder when 119 is divided by s.
19
Let s(r) = r**2 - 7*r + 2. Suppose 3*m - 5 = 22. Let c = 1517 + -1459. Calculate the remainder when c is divided by s(m).
18
Suppose -123*g + 1415 + 180 = -250. What is the remainder when 241 is divided by 